3627 and 8522660.
1187
What is the highest common factor of 28 and 76237?
7
Calculate the highest common factor of 7107 and 4317039.
309
Calculate the highest common factor of 2733264 and 11856.
912
What is the highest common divisor of 1878300 and 3375?
225
Calculate the highest common divisor of 2592 and 501012.
108
What is the highest common divisor of 327174 and 39804?
186
What is the highest common divisor of 7245 and 512025885?
7245
Calculate the greatest common factor of 658288 and 2768.
16
Calculate the highest common divisor of 254526 and 22656.
354
Calculate the greatest common divisor of 49862 and 2251246.
466
What is the greatest common divisor of 1839175 and 25675?
325
What is the greatest common divisor of 5658068 and 500932?
8212
Calculate the greatest common factor of 2546 and 152608.
38
Calculate the greatest common factor of 147 and 372620892.
147
Calculate the highest common divisor of 4192384 and 12208.
112
What is the highest common factor of 3284 and 1702389476?
3284
What is the greatest common divisor of 3313061 and 5357?
487
What is the highest common factor of 8385 and 516645?
645
Calculate the highest common factor of 2090603177 and 169.
169
Calculate the greatest common factor of 171781456 and 352.
176
What is the greatest common factor of 2006430 and 101033?
1423
What is the greatest common factor of 7416 and 14536?
8
Calculate the greatest common factor of 3403 and 457191.
41
Calculate the greatest common divisor of 6170 and 892240.
10
Calculate the greatest common divisor of 2512 and 975284.
628
Calculate the highest common divisor of 26195592 and 710.
142
Calculate the greatest common divisor of 183785375 and 53375.
7625
Calculate the greatest common factor of 2166448 and 158.
2
What is the greatest common factor of 16259 and 621277?
229
What is the greatest common divisor of 209432 and 98136?
376
Calculate the highest common factor of 9 and 155618433.
9
Calculate the highest common factor of 141600 and 32568.
1416
Calculate the greatest common factor of 78470582 and 1466.
1466
What is the highest common factor of 228967 and 269771?
101
Calculate the highest common factor of 264 and 5613192.
24
Calculate the highest common factor of 556358 and 184338.
418
What is the highest common factor of 558 and 14551002?
18
Calculate the highest common divisor of 70 and 2804080.
10
Calculate the greatest common divisor of 805 and 45240517.
161
Calculate the highest common divisor of 3124 and 9027106.
22
Calculate the greatest common divisor of 61726 and 364.
14
Calculate the highest common divisor of 193695084 and 351.
27
What is the greatest common divisor of 7588 and 400695722?
3794
What is the greatest common divisor of 1171245 and 143037?
2073
Calculate the highest common factor of 24187 and 67469.
1273
What is the highest common divisor of 13058285 and 403?
31
Calculate the greatest common divisor of 21004 and 463156.
356
Calculate the highest common factor of 2048 and 43220608.
128
Calculate the greatest common divisor of 12557486 and 568.
142
What is the greatest common divisor of 228644 and 31356?
52
Calculate the highest common divisor of 94718 and 5941.
13
What is the highest common factor of 121320 and 34248?
24
What is the greatest common divisor of 3186549 and 26883?
261
What is the greatest common divisor of 174615572 and 32?
4
Calculate the greatest common factor of 90355947 and 165.
33
Calculate the highest common divisor of 3 and 26631192.
3
Calculate the greatest common divisor of 36385299 and 3195.
639
Calculate the greatest common factor of 2702 and 2812589.
193
Calculate the highest common divisor of 37961 and 2551.
1
Calculate the greatest common factor of 44495000 and 26125.
1375
What is the greatest common factor of 82425 and 903?
21
What is the highest common divisor of 239183274 and 8756?
4378
What is the highest common divisor of 65942964 and 108?
108
What is the highest common divisor of 763137 and 72?
9
Calculate the highest common divisor of 4785549 and 23541.
3363
Calculate the highest common factor of 89399288 and 3968.
248
What is the greatest common divisor of 7584 and 16409248?
2528
What is the greatest common factor of 369837 and 3219?
87
What is the greatest common divisor of 4836735 and 475?
95
Calculate the greatest common divisor of 70538344 and 8.
8
Calculate the highest common divisor of 49842 and 4100889.
2769
Calculate the highest common divisor of 4 and 69674632.
4
What is the greatest common factor of 10038460 and 9660?
20
Calculate the greatest common factor of 23837 and 11430925.
2167
What is the greatest common factor of 77200 and 1648?
16
What is the greatest common factor of 2189297 and 2360872?
6863
Calculate the highest common factor of 2258469 and 675.
27
Calculate the highest common factor of 449403191 and 43.
43
Calculate the highest common factor of 1386055 and 11484.
319
What is the highest common divisor of 1956333 and 737?
67
What is the highest common divisor of 5840 and 2278720?
80
Calculate the highest common divisor of 4972555 and 11284.
217
Calculate the highest common divisor of 324450 and 20040.
30
Calculate the greatest common factor of 200766 and 78.
6
What is the greatest common divisor of 47 and 7735307?
47
Calculate the greatest common factor of 176 and 1430870452.
44
Calculate the greatest common divisor of 5388 and 6396.
12
Calculate the greatest common factor of 1881 and 26721486.
1881
Calculate the greatest common divisor of 19478 and 5581.
1
Calculate the highest common divisor of 19350 and 4342800.
150
Calculate the highest common factor of 28 and 10103842.
14
Calculate the greatest common divisor of 160 and 6715120.
80
What is the highest common divisor of 1130 and 288630250?
1130
Calculate the greatest common divisor of 4698 and 27722202.
174
What is the highest common factor of 19939 and 474853?
127
What is the highest common factor of 13332038 and 244?
122
Calculate the highest common factor of 397996 and 5191.
29
Calculate the highest common divisor of 1016445 and 480.
15
What is the highest common divisor of 32666787 and 13095?
2619
What is the greatest common divisor of 10 and 459808100?
10
Calculate the greatest common factor of 382768 and 3524624.
752
Calculate the greatest common divisor of 1686 and 6469744.
562
What is the greatest common factor of 2500894 and 9071?
193
What is the highest common factor of 2032670 and 5890?
310
What is the greatest common divisor of 240 and 2281584?
48
Calculate the highest common divisor of 47640185 and 1450.
145
Calculate the greatest common factor of 21486738 and 11109.
483
Calculate the highest common factor of 4004 and 922.
2
What is the greatest common factor of 1536122 and 14?
14
What is the greatest common factor of 1431 and 3888504?
477
What is the highest common factor of 19275344 and 33?
11
What is the greatest common factor of 5511781 and 110?
11
What is the highest common factor of 9286160 and 226720?
1040
What is the highest common factor of 438 and 44341368?
438
What is the highest common factor of 4922 and 1525606?
214
Calculate the highest common divisor of 7188952 and 8.
8
Calculate the greatest common factor of 50547588 and 56784.
1092
What is the greatest common factor of 741252 and 108?
12
Calculate the highest common factor of 62946 and 3211182.
234
What is the highest common divisor of 494 and 22864062?
26
What is the highest common factor of 332 and 17873718?
166
What is the highest common divisor of 1264 and 12785755?
79
Calculate the highest common factor of 1240672 and 65656.
2264
What is the highest common factor of 58 and 27182?
2
What is the greatest common divisor of 95 and 35974600?
95
What is the greatest common divisor of 3611 and 719578?
23
What is the greatest common divisor of 3252 and 24328212?
3252
Calculate the highest common factor of 50561224 and 63.
7
What is the greatest common divisor of 80530080 and 48?
48
What is the greatest common factor of 600838 and 22?
2
Calculate the greatest common divisor of 576 and 5634.
18
Calculate the greatest common factor of 1132 and 23819827.
283
What is the greatest common factor of 47881706 and 61?
61
Calculate the highest common divisor of 415357636 and 3092.
3092
Calculate the greatest common factor of 385679 and 1082